i. Let g(y) be the first derivative of 2*y**3/3 + y**2 - y + 1. Give g(m).
3
Let i(w) be the second derivative of -7/12*w**4 + 0 + 1/2*w**2 - 1/6*w**3 - 4*w. Give i(1).
-7
Let q(m) = 1 + m - 9 + 4 - 4. Determine q(6).
-2
Let s(z) = -z**3 - z - 1. Suppose 4*y = -6 + 2. Let c(d) = -3*d**3 - 3*d**2 - 7*d - 1. Let q(x) = y*c(x) + 4*s(x). Give q(4).
-7
Let v(q) = 7*q**3 - q. Let m be v(-1). Let w(a) = 15*a - 4. Let p(o) = -7*o + 2. Let y(b) = m*w(b) - 13*p(b). Determine y(3).
1
Let p be -1 + 2/(-4)*-10. Let x(a) = a**3 + 5 - 3*a + 5 - 3*a**2 - 5 + 1. Determine x(p).
10
Let y = 15 - 17. Let m(q) = 6*q**3 - 9*q**2 - 10*q - 1. Let o = -6 - 5. Let s(h) = -h**3 + 2*h**2 + 2*h. Let b(u) = o*s(u) + y*m(u). Give b(-4).
10
Suppose 2*z = 2 + 2. Let s be (-2 + z)/(4 + -3). Let i(n) be the first derivative of -n**3/3 - n**2/2 + 5*n - 1. What is i(s)?
5
Let f(i) = i**3 + i**2 - i + 2. Let a = 3 - -1. Let b = -6 + a. Determine f(b).
0
Let c(r) be the second derivative of r**5/20 - 5*r**4/12 - 5*r**3/6 - 3*r**2 + r. Let h(s) = -s + 6. Let y be h(0). Give c(y).
0
Let k(o) = 35*o**2 - 25*o + 25. Let p(s) = -3*s**2 + 2*s - 2. Let u(r) = -2*k(r) - 25*p(r). Give u(-2).
20
Let h(i) be the first derivative of i**4/4 - i**3/3 + i**2/2 - 9*i - 7. Determine h(0).
-9
Let l(u) = -20*u - 15. Let f(b) be the third derivative of b**4/8 + b**3/3 + b**2. Let m(z) = -30*f(z) - 4*l(z). Give m(1).
-10
Let g(v) = -v**3 + 5*v**2 - 5*v + 2. Let c(i) = 2*i + 3. Let j be c(-2). Let y = j + -6. Let q = -3 - y. Calculate g(q).
-2
Let g(s) = s**2 + 2. Let d be g(2). Let u be (-1)/(3 - 16/d). Let x(z) = z + 4. Give x(u).
1
Let t(w) = -w + 11. Let h be t(7). Let q(i) = i - 9. What is q(h)?
-5
Suppose g + 0*n + 3*n = 10, -n = -4. Let b(w) be the second derivative of -w**5/10 - w**4/4 - w**3/3 + w. Calculate b(g).
8
Let v(y) be the second derivative of -y**4/12 + 11*y**3/6 - y**2 - 40*y. Determine v(7).
26
Let b(r) = -3*r. Let y(k) = k + 1. Let o(p) = b(p) + y(p). Determine o(4).
-7
Let d(i) be the second derivative of i**3/6 + 3*i**2 + 22*i. Calculate d(-5).
1
Suppose 5 = 2*b - 3. Let z(s) = b - s - 3 - 1. Calculate z(1).
-1
Let b(h) = -h**2 - 4*h + 1. Suppose -p = -4*p - 15. Give b(p).
-4
Let l(j) be the second derivative of 1/6*j**3 + 0 + 5*j - 1/2*j**2. Give l(3).
2
Let p(y) = y**2 - 3 - 2 + 4 - 2*y - 2*y. Determine p(5).
4
Let j be (-3 - -5)/(2/(-1)). Let i(z) = -z - 2. What is i(j)?
-1
Let i = 2 - 2. Suppose i = 4*w + 20, 19 = -0*c + 2*c - 3*w. Let l(h) = -7*h - 1. Let r(q) = 10*q + 1. Let n(j) = -7*l(j) - 5*r(j). What is n(c)?
0
Let a(l) = -l**2 + 10*l - 7. Suppose 0 = -5*k - 0*k + 30. Give a(k).
17
Let n = -43/2 + 22. Let r(s) be the first derivative of 0*s - 2/3*s**3 - 1/4*s**4 - 1 + n*s**2. Give r(-3).
6
Let y(k) = -k + 1. Let g(z) = -z. Let s be (-13)/(-4) + 3/(-12). Suppose -1 = -s*h - 4. Let n(u) = h*y(u) - g(u). Give n(-2).
-5
Let s(f) be the third derivative of -f**6/120 + f**5/12 - 5*f**4/24 + f**3/3 + 15*f**2. Determine s(4).
-2
Suppose -15 = 3*h, 2*h = 2*n - 16 - 0. Suppose 3*b + 13 = -4*m, -n*m = 5*b - b + 8. Let u(r) = -2*r - r**2 + 1 + 2*r + 0*r**2 - r. What is u(b)?
-1
Let x(u) = u**3 + 4*u**2 + 2*u. Suppose -d - 2*d = -27. Let b(t) = -t + 5. Let n be b(d). Give x(n).
-8
Let o(y) = 2*y**2 - 2*y - 1. Let r(l) = -5*l**2 + 7*l + 4. Let n(s) = 7*o(s) + 2*r(s). Give n(-1).
5
Suppose 0 = 5*b - 25, -5*z - 5 = -0*z - 5*b. Let o(l) = 4*l - 2*l - l**2 + z - 1. Calculate o(3).
0
Suppose -2*h = 9 + 7. Let x be (h/(-12))/(4/30). Suppose 5*q + w = x*w + 29, w - 4 = -q. Let j(p) = -p**2 + 5*p - 6. What is j(q)?
-6
Let t(o) = o**3 + 7*o**2 - 9*o. Let p be t(-8). Let l(z) = 11*z + 1. Let b(a) = 7*a + 1. Let i(w) = p*b(w) - 5*l(w). Let k be (3/2)/((-4)/8). Calculate i(k).
0
Let m(t) be the second derivative of t**3/6 + t. Calculate m(-4).
-4
Let w(o) be the second derivative of 1/6*o**3 - 1/10*o**5 - 5*o + 1/12*o**4 + 0 + 0*o**2. Suppose 1 = -v + 3*x, -2*x = 2*x. What is w(v)?
2
Let b be ((-15)/12)/(1/(-4)). Let n(j) = -b*j + 0 - 1 + 7 + j**2. Suppose -9 = -2*g + 1. What is n(g)?
6
Let l(i) = -16*i + 17*i + 6 + 0 + 0. Calculate l(-6).
0
Let m = 328 - 7871/24. Let r(b) be the third derivative of 0*b**4 + 0*b - 1/60*b**5 + 3*b**2 + 0 - m*b**6 + 0*b**3. Determine r(1).
-6
Suppose -2*q + 2 = 0, -2*y - 9 = -y - 5*q. Let h be 6/15 + (-8)/(-5). Let w(g) = -5*g + 2*g + 2 + h*g. What is w(y)?
6
Let k(z) = -13*z**3 - 3*z**2 + 3*z + 15. Let d(a) = -7*a**3 - 2*a**2 + 2*a + 8. Let b(f) = 11*d(f) - 6*k(f). Calculate b(2).
-2
Let k(u) = -2*u + 2. Let d = 24 - 20. What is k(d)?
-6
Let o = -9 - -10. Let d(s) = -8 + 2*s**2 + 2*s + 11 - o. Determine d(-2).
6
Suppose 55 = 6*l + 5*l. Let r(a) = 4*a - 1. What is r(l)?
19
Let o(x) = x - 14*x**2 - 12*x**2 + 2*x - 4 - x**3 + 23*x**2. Let a(v) = -v + 4. Let z be a(-3). Suppose -6 = 3*q - 3, z = -3*h + 5*q. Give o(h).
0
Suppose -44 = -2*j + 3*l, -5*j - l = -0*l - 93. Let m be 6/2 - (j - 16). Let v(h) = -h**2 + h + 3. Give v(m).
3
Suppose -6*c + 3*c = j + 10, -2 = -5*j - 2*c. Suppose -2*p - 5*a = -15, 5*p = 2*a + j*a - 12. Let n(m) = -2*m + 1 + p*m - 2*m + 7*m**2 + 5*m. Calculate n(-1).
7
Let p(b) = 3*b**3 - 4*b**3 - 8 + 0*b**3 + 8*b**2 - 6*b. Let j be p(7). Let q(z) = 4*z**2 - z. Let a be q(j). Let o(y) = y - 7. Give o(a).
-2
Suppose 4*p = -2*d + 5*d + 31, d + 3*p = 7. Let z(u) be the third derivative of u**6/120 + u**5/10 + 7*u**4/24 + u**3/2 + 25*u**2. What is z(d)?
-7
Let o(j) = -8*j**2 + 6*j - j**3 + 3 - 1 - 4 + 4*j**2. Calculate o(-5).
-7
Let q(t) = -t**2 + 3*t + 4. Suppose -x = 4*y - 8, -5 = -4*y + y - x. What is q(y)?
4
Suppose 85 = 4*m - 5*s, 23 + 20 = 2*m - 3*s. Suppose -2*n - 3*n = m. Let d(z) = 4*z + z + z**2 - z + 6. Give d(n).
6
Let v(b) = b + 5. Let x(h) = 2*h + 11. Let w(t) = -13*v(t) + 6*x(t). Let y(n) = n**3 - 11*n**2 + 3*n - 13. Let p be y(11). Let l be -3*(p/(-12) + 1). Give w(l).
-1
Let w(j) = -2*j - 7. Let q be (-5 - -6)*(1 - 13). Let a = 7 + q. Determine w(a).
3
Let n(j) = j**2 + 3*j - 7. Suppose -p = 2*p + 15, -h = -2*p - 5. What is n(h)?
3
Let w(g) = -g**2 + 5*g + 1. Let j(d) = -d**2 - 12*d - 6. Let s be j(-11). Let h be w(s). Let k(o) = -7*o + 1. Determine k(h).
-6
Suppose -12*a + 11*a = -1. Let l(t) = 2*t + 1. What is l(a)?
3
Suppose -32 = -4*b - 4*d, 5*b + 8 = 2*b + 5*d. Suppose -3*g - 3*p - 177 = 0, g - b*g = 2*p + 172. Let c be (-2)/9 + 42/g. Let h(u) = -4*u. Give h(c).
4
Suppose -5*f - 25 = 10. Let k(w) = -w - 10. Give k(f).
-3
Let y(z) be the first derivative of z**5/120 - z**4/6 - 7*z**3/3 + 4. Let b(j) be the third derivative of y(j). Let q = -5 - -8. Calculate b(q).
-1
Let b(u) = -7*u**2 + 2*u + 11. Let o(c) = -3*c**2 + c + 5. Let h(i) = -2*b(i) + 5*o(i). Give h(4).
-9
Let a(h) = -3 + 2*h + 1 - h. Suppose 3*r - 8 = 4*y, 0*r - 8 = 5*r + 4*y. Give a(r).
-2
Let o(t) = -t - 5*t - 3 + 1 - t**2. Let a(q) = q**2 - 5*q - 7. Let i be a(7). Let d = 2 - i. Give o(d).
3
Suppose -2*b + 4*l = 4, 3*l = 4*b + 4*l - 28. Let i be (b/7)/((-4)/(-14)). Suppose -2 + 8 = i*x. Let q(p) = -p. Determine q(x).
-2
Suppose 0 = -3*o + 6*o - 21. Suppose -o*s = -12*s - 5. Let b(f) = -5*f**2 + 2*f + 1. Give b(s).
-6
Suppose -31 - 37 = -17*i. Let d be ((-6)/4)/((-2)/4). Let m(j) = 6*j + 3. Let h(s) = -2*s - 1. Let l(p) = d*m(p) + 8*h(p). Calculate l(i).
9
Suppose 0*m - 4*m = -24. Let b = -1 + m. Let f(z) = -z**3 + 5*z**2 - z - 2. Calculate f(b).
-7
Let y(z) = -5 + 4 + 1 - z. Let l = -6 + 2. Give y(l).
4
Let q(z) = -13 + 0*z + 5 - z. Let c be q(-4). Let v(s) = -2*s - 4. What is v(c)?
4
Let t(s) = 10*s - 1. Let c be 10/12 + 20/120. Give t(c).
9
Let h(g) = g**2 - 2*g - 5. Suppose u = 5 + 15. Suppose c + 5 = -3*q - q, u = -2*q - 4*c. Let s be q + -2 + 4 + 2. What is h(s)?
3
Let v be (-16)/6*(-9)/(-6). Let p(g) = -g - 9. Calculate p(v).
-5
Let b(p) = p**2 + 4*p - 2. Let q be b(-5). Let t be 22/(-6) + q/(-9). Let s(r) = r**3 + 5*r**2 + 4*r - 5. Determine s(t).
-5
Let n(y) = 2*y - 12. Let u be 1/(6/3)*-2. Let x(a) = a - 1. Let j(b) = u*n(b) + 5*x(b). Determine j(-5).
-8
Let o(j) = -j**2 + 8*j - 23. Let b be o(6). Let q(k) = k + 3. Calculate q(b).
-8
Let x(l) = 6*l**2 + 9*l**3 + 6*l + 10 + 11*l**3 - 21*l**3. Give x(7).
3
Let w(h) = 9*h**2 + 0 - 6*h - 8*h**2 + 3 + 3. Calculate w(6).
6
Let z(x) be the second derivative of 0 + 3*x - 1/60*x**5 + 0*x**2 - 1/6*x**3 + 0*x**4. 